+ q + 31*q**2 - 7*q**o + 8*q**3 - 27*q**2. Determine a(-4).
-2
Let w(i) be the third derivative of -i**5/60 - 5*i**3/2 + 184*i**2 + 156. Let p = 0 - 0. What is w(p)?
-15
Let b(l) be the first derivative of 2/3*l**3 - 60 + 2*l**2 - 3*l. Give b(-4).
13
Let s(u) = -2*u - 18. Suppose 0 = -8*d + 6*d - b + 6, -b = -4*d + 6. Let f(y) = -13*y + 14. Let l be f(d). Calculate s(l).
6
Let b(h) = h**2 + 4*h + 1. Let r(p) = p. Let l be 1 + -2 + 0 - -4. Let f be r(l). Determine b(f).
22
Let k(i) = 87*i + 80*i + 68*i - 307*i - 371. Calculate k(-5).
-11
Suppose -19*c + 91 = -17*c - 15*c. Let w(k) = k**3 + 7*k**2 + 3*k + 20. What is w(c)?
-1
Let w(s) = -7*s**3 + s - 1. Let x be (-1)/(-5) - 154/(-55). Suppose a - x*t - 4 = -4*t, -2*a + 3*t + 8 = 0. Suppose 65*k = 61*k + a. What is w(k)?
-7
Let r(a) = 311*a**3 + 317*a**3 - 8*a**2 - 627*a**3 + 9*a + 9. Let g = 47 + -29. Suppose 5*w = 5*v + 25, -3*v = 2*w - v - g. Give r(w).
23
Let c(q) be the third derivative of q**5/60 - 7*q**4/24 + q**3/6 - 107*q**2 - 5*q. Calculate c(5).
-9
Let b(u) = 5*u**3 - 6*u**2 - 7*u - 9. Let p(g) = -6*g**3 + 6*g**2 + 8*g + 11. Let m = -135 + 129. Let k(c) = m*p(c) - 7*b(c). Calculate k(-6).
-9
Let n(j) = -j**2 + 7*j - 14. Let p(t) = -8*t**2 + 208*t - 195. Let u be p(25). Determine n(u).
-4
Let b be (15/2)/(34/(-1632)). Let d = 358 + b. Let z(l) = 5*l + 4. What is z(d)?
-6
Let l(k) = 2*k**2 + k - 1. Let i(m) be the first derivative of -13*m**3/3 - 5*m**2 + 4*m - 70. Let d(v) = -i(v) - 6*l(v). Give d(-5).
7
Let c(d) = -d**2 + 3*d - 4. Let x(i) = -i**2 - 5*i + 52. Let w be -12 - (-7 - (3 - 8)). Let b be x(w). Calculate c(b).
-2
Let o(z) be the third derivative of z**6/120 - z**5/15 - 3*z**4/4 - 13*z**3/6 - 213*z**2 + z + 2. What is o(7)?
8
Let p(g) = -43*g**3 - 123*g**2 - 30*g - 61. Let r(j) = -23*j**3 - 62*j**2 - 14*j - 31. Let t(w) = -7*p(w) + 13*r(w). Give t(-27).
-3
Suppose -62*n = -90*n + 196. Let l(x) = -x**3 + 7*x**2 + 16. Give l(n).
16
Suppose 4 = s - w, 6*s + 3*w = s + 12. Suppose -p + 4*b = -6, s*p = 2*b + 5 + 3. Let i(x) = 41*x**p - 33*x**2 + 5*x - 8 - 2*x**3 + 3*x**3. Give i(-7).
6
Let z be (-14 + (-256)/(-28))/(8/(-28)). Let h(r) be the first derivative of -r**3/3 + 8*r**2 + 21*r + 1. Give h(z).
4
Let h(x) be the first derivative of -1/2*x**2 - 69 + 16*x. Give h(8).
8
Let j(s) = s**2 - 4*s - 3. Let a(p) = -3*p - 5. Let x be (-162)/21 + 8/(-28). Let d be -3*10/(-2)*x/40. Let w be a(d). Determine j(w).
-3
Let h(t) = 3*t**2 - 53*t + 23. Suppose 379*v + 512 = -387*v + 798*v. Calculate h(v).
-57
Let n(o) be the third derivative of 0 - 7*o**2 + 1/3*o**4 - 1/120*o**6 - 1/15*o**5 + 0*o + 5/6*o**3. Let l = -19 + 14. What is n(l)?
-10
Let w(n) = -23*n + 102. Suppose -180*r = -3*i - 184*r + 16, 2*i - 11 = -3*r. Determine w(i).
10
Let q(f) = 2*f - 19. Suppose 0 = 5*w - n + 35, 4*n = 2*w + 48 - 16. Let l(d) = -d + 5. Let u(p) = w*l(p) - 2*q(p). What is u(0)?
8
Let w(j) be the second derivative of 5*j**4/12 + j**3/3 - 16*j**2 + 7208*j. Determine w(0).
-32
Let z(c) be the first derivative of -c**5/60 + c**4/6 + 11*c**3/3 - 30. Let o(i) be the third derivative of z(i). Give o(4).
-4
Suppose -6*j = 19*j - 75. Let h(m) = -310*m + 1 + m**j - 6 - 7*m**2 + 317*m. What is h(4)?
-25
Let b(o) = -o - 3. Let a be 3 - 0 - (3 + 1). Let z be a/(21/(-6)) + (-1336)/(-28). Let p = z + -44. What is b(p)?
-7
Let a be 124 + (-4)/(-12)*0 + -2. Let o be a/(-10) - ((-27)/(-15) - 2). Let f = o + 5. Let g(b) = -b - 4. Give g(f).
3
Let x = -2828 + 2824. Let n(u) = -9*u - 14. Give n(x).
22
Let v(a) = 3*a + 457. Let n(f) = f - 70. Let y(w) = -6*n(w) - v(w). Determine y(-5).
8
Suppose 0 = -5*t + f - 472 + 541, 0 = 2*t + 4*f - 10. Let m(r) = -r**2 + 13*r + 6. What is m(t)?
6
Let f(d) be the third derivative of -d**4/8 - 29*d**3/3 - 55*d**2 - 21*d. Calculate f(-18).
-4
Let u(y) be the first derivative of y**4/12 + 3*y**3/2 - 2*y**2 + y - 52. Let g(t) be the first derivative of u(t). Let n = -6 + -3. Determine g(n).
-4
Suppose -241*t - 1020 = 67*t + 3292. Let n(v) = -v**2 - 33*v - 259. Give n(t).
7
Let u = -6688 + 6691. Let k(x) = -2*x**2 + 7*x - 7. Calculate k(u).
-4
Let r(c) = -2*c**2 + 13*c - 8. Let g be r(7). Let k(f) = -f**3 + 8*f**2 - 5*f + 4. Let m be k(7). Let z = g + m. Let x(a) = -a + 3. Give x(z).
0
Let w = -153 - -155. Let f be 1*6*(-3)/(-6). Let m(x) = 5 - 6 + 2*x**2 - 2*x + 0 + f. Determine m(w).
6
Let i(j) be the third derivative of j**6/120 - j**5/15 - 5*j**4/24 + 3*j**3/2 - 426*j**2. Calculate i(2).
-9
Let k(s) be the third derivative of s + 1/60*s**5 - 5/12*s**4 + 15*s**2 + 5/6*s**3 + 0. Determine k(5).
-20
Let n(c) = c - 2. Let g(m) = 3*m + 74. Let o be g(-24). Let b be 40/(-18) + o + (-325)/117. Calculate n(b).
-5
Let r(f) be the third derivative of f**4/8 + 11*f**3/3 + 3*f**2 - 953. What is r(-7)?
1
Suppose -295 = -7*w - 3648. Let c = w - -478. Let j(p) = -4*p + 2. What is j(c)?
6
Suppose 5*w - 27 = w + 5*n, 12 = 2*w - 2*n. Let z(v) = 3*v**2 + 3 + v - 2*v + 2 + v**w. Suppose -26 = 5*l - 2*k, 4*k + 16 = -5*l + 8. What is z(l)?
-7
Let a(k) be the first derivative of 0*k - 1/3*k**3 + 8*k**2 - 1/60*k**5 + 9 - 1/8*k**4. Let w(r) be the second derivative of a(r). What is w(-2)?
0
Suppose -85*m = -87*m + 14. Let n(o) = -m*o**2 + 8*o + o**3 - 53 + 20 + 24. What is n(6)?
3
Let l(x) = -3*x**3 + 34*x**2 - 39*x + 47. Let k(f) = -10*f**3 + 102*f**2 - 109*f + 143. Let t(v) = -4*k(v) + 13*l(v). Calculate t(-36).
3
Let r be ((-288)/(-288))/(2 - (-1 - -2) - 0). Let w(j) = -31*j - 1. Let o(s) = 21*s + 1. Let p(q) = 7*o(q) + 5*w(q). Give p(r).
-6
Let r = -6 + 5. Let c(q) be the second derivative of 3*q**4/4 - q**3/6 + 12*q + 68. What is c(r)?
10
Let i(f) = -f**3 - 5*f**2 - 4*f + 2. Let h be i(-4). Let r(d) = 5 - h*d**2 + 3*d - 6 - d. Suppose 3*q - 5*j - 24 = 0, -112*j + 6 = -113*j. Determine r(q).
-13
Let x(j) = j**2 - 16*j + 21. Let l be x(15). Let t be 2 - (-4)/12*-6. Let k(p) = -22*p**2 + t*p + 7*p + 12*p**2 + 4 + 9*p**2. Give k(l).
10
Let b = -10676 - -10666. Let k(c) = c**2 + 4*c - 72. Give k(b).
-12
Suppose 2*s + 35*u + 4 = 36*u, 0 = -s + 3*u + 8. Let n(y) = -y**3 - 2*y**2 + 12*y + 9. Calculate n(s).
-7
Let t be -19*(-4)/((-12)/3). Let r = -16 - t. Let w(s) = s**3 - 2*s**2 - 3*s - 2. Calculate w(r).
-2
Let l(f) be the first derivative of f**3/3 - f**2 + 1. Let i(s) = 3*s + 9. Let x be i(-2). Suppose 0 = 4*t - 4*c, c + 3*c + x = 5*t. What is l(t)?
3
Let h(j) = -j**2 + 7*j + 67. Let i = -3078 + 3073. Calculate h(i).
7
Let x = 5 - -66. Let d = -69 + x. Let y(j) = -j**d + 3 - 29*j**3 + 62*j**3 - 2 - 32*j**3. Give y(-1).
-1
Let x = 1 - -4. Let l(p) = -34 + p - 31 + 4 + 63. Determine l(x).
7
Let k(h) = -10*h + 117*h**2 + 121*h**2 + 1 - 201*h**2 + 4*h - 35*h**2. Let y(s) = 5*s - 6*s + 3 - 4 + 4*s**2. Let v be y(-1). Calculate k(v).
9
Let l = -83 + 155. Suppose -l = 4*u - 4*n, -4*u - 42 = -3*n + 32. Let k = u + 19. Let t(y) = -3*y**2 + 1. Calculate t(k).
-2
Let d(b) = b**2 + 11*b + 22. Suppose -9*l + 14*l + 2 = 2*g, -3*g + 3*l = 15. Calculate d(g).
4
Let h(v) = v**2 - 10*v + 17. Let z(j) = 275*j - 546. Let d be z(2). Determine h(d).
-7
Let b(m) be the second derivative of 19*m**4/12 + m**3/6 - 8*m. Let j(r) be the second derivative of r**3 - 11*r**2/2 - 6*r. Let k be j(2). Determine b(k).
20
Suppose -k = -5*k + 36. Let d(h) = 18*h - 3 - k*h - 5*h. Calculate d(4).
13
Let v(u) = 106*u**2 + 148*u. Let y(g) = 19*g**2 + 27*g. Let m(j) = -5*v(j) + 28*y(j). What is m(-8)?
0
Let v(h) = 7*h**3 - 2*h - 2. Let x(q) = 7*q**3 - q - 1. Let r(c) = 2*v(c) - 3*x(c). Let n(l) = -l**3 + 20*l**2 - 66*l - 109. Let w be n(6). Calculate r(w).
7
Let r(c) = 22*c - 25. Let v(y) = -15*y + 4. Let n(u) = -13*u + 5. Let p(a) = 4*n(a) - 3*v(a). Let q(g) = 7*p(g) + 2*r(g). Calculate q(4).
-14
Let r(l) = -3*l**3 + 72 - l - 76 + 4*l**3 - l**2. Let o = -45 - -75. Let b be (-1)/(o/(-9) - (-7 + 4)). Calculate r(b).
11
Let y(i) = -i**3 + i**2 + 31*i - 3. Let a be y(6). Let g(u) be the first derivative of -2*u - 3 + 1/2*u**2 - 1/3*u**3. Give g(a).
-8
Let b(n) = 2*n + 88*n**2 + 34*n**2 - 119*n**2 - 9. Calculate b(4).
47
Suppose q = -q - h + 9, 5*h - 21 = 2*q. Let j(a) = 205*a + a**2 - 103*a - 3 - q - 104*a + 7*a**3 + 3. What is j(-2)?
-50
Let v = 16 + -9. Let y be (2/(-9))/(44/66)*-24. Let g(u) = -8*u + 0*u + y*u**2 + 3 - 7 - u**3 + 9. Give g(v).
-2
Let f(u)